{"id":230,"date":"2016-12-06T14:40:09","date_gmt":"2016-12-06T14:40:09","guid":{"rendered":"http:\/\/copypress.dv.themerex.net\/?page_id=230"},"modified":"2018-03-09T15:33:43","modified_gmt":"2018-03-09T15:33:43","slug":"empresa","status":"publish","type":"page","link":"https:\/\/irmaosmarques.com.br\/2018\/empresa\/","title":{"rendered":"Empresa"},"content":{"rendered":"<div class=\"wpb-content-wrapper\"><p>[vc_row full_width=&#8221;stretch_row&#8221; css=&#8221;.vc_custom_1516973578010{background-image: url(http:\/\/irmaosmarques.com.br\/2018\/wp-content\/uploads\/2018\/01\/quem-somos.png?id=927) !important;}&#8221;][vc_column][vc_empty_space height=&#8221;9.4em&#8221; alter_height=&#8221;none&#8221; hide_on_mobile=&#8221;&#8221;][vc_row_inner][vc_column_inner el_class=&#8221;z-index_2&#8243; offset=&#8221;vc_col-lg-6 vc_col-md-6&#8243;][vc_single_image image=&#8221;1266&#8243; img_size=&#8221;full&#8221; alignment=&#8221;center&#8221; onclick=&#8221;img_link_large&#8221;][\/vc_column_inner][vc_column_inner el_class=&#8221;custom_column_1&#8243; css=&#8221;.vc_custom_1489679763815{margin-top: 40px !important;margin-left: -55px !important;background-color: #f4f6f9 !important;}&#8221; offset=&#8221;vc_col-lg-6 vc_col-md-6&#8243;][vc_empty_space height=&#8221;5.3em&#8221; alter_height=&#8221;none&#8221; hide_on_mobile=&#8221;&#8221;][trx_sc_action type=&#8221;simple&#8221; columns=&#8221;&#8221; slider=&#8221;&#8221; slider_pagination=&#8221;&#8221; slides_space=&#8221;0&#8243; actions=&#8221;%5B%7B%22position%22%3A%22mc%22%2C%22title%22%3A%22Isto%20%C3%A9%20Irm%C3%A3os%20Marques%22%2C%22subtitle%22%3A%22Nossa%20Empresa%22%2C%22description%22%3A%22Somos%20uma%20empresa%20que%20atua%20h%C3%A1%20mais%20de%2020%20anos%20no%20mercado%20atendendo%20a%20um%20p%C3%BAblico%20variado%20e%20de%20igual%20import%C3%A2ncia%20para%20n%C3%B3s.%5CnEstamos%20situados%20na%20acolhedora%20cidade%20de%20Guararema%20-%20SP%2C%20onde%20solidificamos%20nossa%20marca.%5CnNossa%20principal%20meta%20%C3%A9%20superar%20as%20expectativas%20de%20nossos%20clientes%2C%20com%20um%20atendimento%20diferenciado%2C%20qualidade%20total%20nos%20servi%C3%A7os%20oferecidos%20e%20prazo.%5CnTrabalhamos%20em%20um%20conceito%20Express%3A%20processos%20din%C3%A2micos%20e%20assertivos%2C%20aliados%20a%20mat%C3%A9ria%20prima%20de%20qualidade%2C%20bom%20pre%C3%A7o%20e%20bons%20prazos%20de%20entrega.%5CnContamos%20com%20maquin%C3%A1rios%20modernos%2C%20que%20atendem%20%C3%A0s%20demandas%20cada%20vez%20mais%20exigentes%20do%20mercado%20atual%2C%20com%20amplas%20instala%C3%A7%C3%B5es%20e%20uma%20equipe%20bem%20qualificada%2C%20em%20constante%20evolu%C3%A7%C3%A3o.%5CnVenha%20nos%20fazer%20uma%20visita%2C%20teremos%20muito%20prazer%20em%20receb%C3%AA-lo.%22%2C%22icon_type%22%3A%22fontawesome%22%7D%5D&#8221; title_style=&#8221;default&#8221; title_align=&#8221;default&#8221; title=&#8221;&#8221; subtitle=&#8221;&#8221; description=&#8221;&#8221; link=&#8221;&#8221; link_text=&#8221;&#8221; link_image=&#8221;&#8221; height=&#8221;&#8221; full_height=&#8221;&#8221; scheme=&#8221;inherit&#8221; id=&#8221;&#8221; class=&#8221;custom_action_1&#8243; css=&#8221;.vc_custom_1520609489877{margin-right: 10% !important;margin-left: 10% !important;}&#8221;][vc_empty_space height=&#8221;1.3em&#8221; alter_height=&#8221;none&#8221; hide_on_mobile=&#8221;&#8221;][vc_column_text]<\/p>\n<p style=\"text-align: center;\"><strong>A sua ideia somada a nossa marca realiza um projeto de sucesso!!!<\/strong><\/p>\n<p>[\/vc_column_text][vc_empty_space height=&#8221;7.3em&#8221; alter_height=&#8221;none&#8221; hide_on_mobile=&#8221;&#8221;][\/vc_column_inner][\/vc_row_inner][vc_empty_space height=&#8221;11em&#8221; alter_height=&#8221;none&#8221; hide_on_mobile=&#8221;&#8221;][\/vc_column][\/vc_row][vc_row full_width=&#8221;stretch_row&#8221; scheme=&#8221;dark&#8221; css=&#8221;.vc_custom_1516973732592{background-color: #2d267a !important;}&#8221;][vc_column][vc_empty_space height=&#8221;8.3em&#8221; alter_height=&#8221;none&#8221; hide_on_mobile=&#8221;&#8221;]<div\t\tclass=\"sc_title sc_title_yellow_sub\" style=\".vc_custom_1519999108780{padding-bottom: 50px !important;}\"><h2 class=\"sc_item_title sc_title_title sc_align_center sc_item_title_style_yellow_sub\"\n\t\t\t><span class=\"sc_item_title_text\">Miss\u00e3o, Vis\u00e3o e Valores<\/span><\/h2><\/div>[vc_row_inner][vc_column_inner width=&#8221;1\/3&#8243;][vc_icon icon_fontawesome=&#8221;icon-trophy&#8221; color=&#8221;white&#8221; size=&#8221;xl&#8221; align=&#8221;center&#8221;][vc_column_text]<\/p>\n<p style=\"text-align: justify;\">Atender \u00e0s expectativas dos clientes com qualidade, efici\u00eancia e agilidade, oferecendo o que h\u00e1 de melhor em impress\u00e3o digital e comunica\u00e7\u00e3o visual.<\/p>\n<p>[\/vc_column_text][\/vc_column_inner][vc_column_inner width=&#8221;1\/3&#8243;][vc_icon icon_fontawesome=&#8221;fa fa-signal&#8221; color=&#8221;white&#8221; size=&#8221;xl&#8221; align=&#8221;center&#8221;][vc_column_text]<\/p>\n<p style=\"text-align: justify;\">Estar em constante aprimoramento, investindo em novas tecnologias, prezando pela qualidade, agilidade e excel\u00eancia nos servi\u00e7os prestados. Atuando de forma respons\u00e1vel perante o mercado e o meio ambiente.<\/p>\n<p>[\/vc_column_text][\/vc_column_inner][vc_column_inner width=&#8221;1\/3&#8243;][vc_icon icon_fontawesome=&#8221;icon-star&#8221; color=&#8221;white&#8221; size=&#8221;xl&#8221; align=&#8221;center&#8221;][vc_column_text]<\/p>\n<p style=\"text-align: justify;\">Atender ao cliente baseado nos princ\u00edpios da \u00e9tica e do respeito, com responsabilidade e confian\u00e7a m\u00fatua.<\/p>\n<p>[\/vc_column_text][\/vc_column_inner][\/vc_row_inner][vc_empty_space height=&#8221;8.5em&#8221; alter_height=&#8221;none&#8221; hide_on_mobile=&#8221;&#8221;][\/vc_column][\/vc_row][vc_row full_width=&#8221;stretch_row&#8221; css=&#8221;.vc_custom_1516967634141{background-image: url(http:\/\/irmaosmarques.com.br\/2018\/wp-content\/uploads\/2018\/01\/comunicacao-visual.png?id=743) !important;}&#8221;][vc_column][vc_empty_space height=&#8221;5.2em&#8221; alter_height=&#8221;none&#8221; hide_on_mobile=&#8221;&#8221;][vc_row_inner][vc_column_inner offset=&#8221;vc_col-lg-6 vc_col-md-6&#8243;][vc_empty_space height=&#8221;4em&#8221; alter_height=&#8221;none&#8221; hide_on_mobile=&#8221;&#8221;][trx_sc_testimonials type=&#8221;default&#8221; cat=&#8221;0&#8243; count=&#8221;3&#8243; columns=&#8221;1&#8243; slider=&#8221;1&#8243; slider_pagination=&#8221;&#8221; slides_space=&#8221;0&#8243; title_style=&#8221;default&#8221; title_align=&#8221;left&#8221; title=&#8221;Depoimentos&#8221; subtitle=&#8221;&#8221; description=&#8221;&#8221; link=&#8221;&#8221; link_text=&#8221;&#8221; link_image=&#8221;&#8221; scheme=&#8221;inherit&#8221; id=&#8221;&#8221; class=&#8221;&#8221; css=&#8221;&#8221; ids=&#8221;&#8221; offset=&#8221;&#8221; orderby=&#8221;date&#8221; order=&#8221;desc&#8221;][\/vc_column_inner][vc_column_inner offset=&#8221;vc_col-lg-6 vc_col-md-6&#8243;][vc_empty_space height=&#8221;4em&#8221; alter_height=&#8221;none&#8221; hide_on_mobile=&#8221;&#8221;][vc_column_text]<iframe loading=\"lazy\" style=\"border: none; overflow: hidden;\" src=\"https:\/\/www.facebook.com\/plugins\/page.php?href=https%3A%2F%2Fwww.facebook.com%2Fmarquesirmaos%2F&amp;tabs=timeline&amp;width=570&amp;height=312&amp;small_header=false&amp;adapt_container_width=true&amp;hide_cover=false&amp;show_facepile=true&amp;appId=193559651240263\" width=\"570\" height=\"312\" frameborder=\"0\" scrolling=\"no\"><\/iframe>[\/vc_column_text][\/vc_column_inner][\/vc_row_inner][vc_empty_space height=&#8221;10.5em&#8221; alter_height=&#8221;none&#8221; hide_on_mobile=&#8221;&#8221;][\/vc_column][\/vc_row]<\/p>\n<\/div>","protected":false},"excerpt":{"rendered":"<p>[vc_row full_width=&#8221;stretch_row&#8221; css=&#8221;.vc_custom_1516973578010{background-image: url(http:\/\/irmaosmarques.com.br\/2018\/wp-content\/uploads\/2018\/01\/quem-somos.png?id=927) !important;}&#8221;][vc_column][vc_empty_space height=&#8221;9.4em&#8221; alter_height=&#8221;none&#8221; hide_on_mobile=&#8221;&#8221;][vc_row_inner][vc_column_inner el_class=&#8221;z-index_2&#8243; offset=&#8221;vc_col-lg-6 vc_col-md-6&#8243;][vc_single_image image=&#8221;1266&#8243; img_size=&#8221;full&#8221; alignment=&#8221;center&#8221; onclick=&#8221;img_link_large&#8221;][\/vc_column_inner][vc_column_inner el_class=&#8221;custom_column_1&#8243; css=&#8221;.vc_custom_1489679763815{margin-top: 40px !important;margin-left: -55px !important;background-color: #f4f6f9 !important;}&#8221; offset=&#8221;vc_col-lg-6 vc_col-md-6&#8243;][vc_empty_space height=&#8221;5.3em&#8221; alter_height=&#8221;none&#8221; hide_on_mobile=&#8221;&#8221;][trx_sc_action type=&#8221;simple&#8221; columns=&#8221;&#8221; slider=&#8221;&#8221; slider_pagination=&#8221;&#8221; slides_space=&#8221;0&#8243; actions=&#8221;%5B%7B%22position%22%3A%22mc%22%2C%22title%22%3A%22Isto%20%C3%A9%20Irm%C3%A3os%20Marques%22%2C%22subtitle%22%3A%22Nossa%20Empresa%22%2C%22description%22%3A%22Somos%20uma%20empresa%20que%20atua%20h%C3%A1%20mais%20de%2020%20anos%20no%20mercado%20atendendo%20a%20um%20p%C3%BAblico%20variado%20e%20de%20igual%20import%C3%A2ncia%20para%20n%C3%B3s.%5CnEstamos%20situados%20na%20acolhedora%20cidade%20de%20Guararema%20-%20SP%2C%20onde%20solidificamos%20nossa%20marca.%5CnNossa%20principal%20meta%20%C3%A9%20superar%20as%20expectativas%20de%20nossos%20clientes%2C%20com%20um%20atendimento%20diferenciado%2C%20qualidade%20total%20nos%20servi%C3%A7os%20oferecidos%20e%20prazo.%5CnTrabalhamos%20em%20um%20conceito%20Express%3A%20processos%20din%C3%A2micos%20e%20assertivos%2C%20aliados%20a%20mat%C3%A9ria%20prima%20de%20qualidade%2C%20bom%20pre%C3%A7o%20e%20bons%20prazos%20de%20entrega.%5CnContamos%20com%20maquin%C3%A1rios%20modernos%2C%20que%20atendem%20%C3%A0s%20demandas%20cada%20vez%20mais%20exigentes%20do%20mercado%20atual%2C%20com%20amplas%20instala%C3%A7%C3%B5es%20e%20uma%20equipe%20bem%20qualificada%2C%20em%20constante%20evolu%C3%A7%C3%A3o.%5CnVenha%20nos%20fazer%20uma%20visita%2C%20teremos%20muito%20prazer%20em%20receb%C3%AA-lo.%22%2C%22icon_type%22%3A%22fontawesome%22%7D%5D&#8221; title_style=&#8221;default&#8221; title_align=&#8221;default&#8221; title=&#8221;&#8221; subtitle=&#8221;&#8221; description=&#8221;&#8221; link=&#8221;&#8221; link_text=&#8221;&#8221; link_image=&#8221;&#8221; height=&#8221;&#8221; full_height=&#8221;&#8221; scheme=&#8221;inherit&#8221; id=&#8221;&#8221; class=&#8221;custom_action_1&#8243; css=&#8221;.vc_custom_1520609489877{margin-right: 10% !important;margin-left: 10% !important;}&#8221;][vc_empty_space height=&#8221;1.3em&#8221; alter_height=&#8221;none&#8221; hide_on_mobile=&#8221;&#8221;][vc_column_text] A sua ideia somada a&hellip;<\/p>\n","protected":false},"author":1,"featured_media":0,"parent":0,"menu_order":0,"comment_status":"closed","ping_status":"closed","template":"","meta":{"footnotes":""},"class_list":["post-230","page","type-page","status-publish","hentry"],"_links":{"self":[{"href":"https:\/\/irmaosmarques.com.br\/2018\/wp-json\/wp\/v2\/pages\/230","targetHints":{"allow":["GET"]}}],"collection":[{"href":"https:\/\/irmaosmarques.com.br\/2018\/wp-json\/wp\/v2\/pages"}],"about":[{"href":"https:\/\/irmaosmarques.com.br\/2018\/wp-json\/wp\/v2\/types\/page"}],"author":[{"embeddable":true,"href":"https:\/\/irmaosmarques.com.br\/2018\/wp-json\/wp\/v2\/users\/1"}],"replies":[{"embeddable":true,"href":"https:\/\/irmaosmarques.com.br\/2018\/wp-json\/wp\/v2\/comments?post=230"}],"version-history":[{"count":15,"href":"https:\/\/irmaosmarques.com.br\/2018\/wp-json\/wp\/v2\/pages\/230\/revisions"}],"predecessor-version":[{"id":1268,"href":"https:\/\/irmaosmarques.com.br\/2018\/wp-json\/wp\/v2\/pages\/230\/revisions\/1268"}],"wp:attachment":[{"href":"https:\/\/irmaosmarques.com.br\/2018\/wp-json\/wp\/v2\/media?parent=230"}],"curies":[{"name":"wp","href":"https:\/\/api.w.org\/{rel}","templated":true}]}}